ue
Let c be 14/((-74)/(-76) - 1). Is ((-2)/4)/(7/c) a prime number?
False
Let a(l) = -l - 6. Let p be a(-5). Let x be p*2 - (33 - 6). Let r = x - -40. Is r composite?
False
Suppose 6*x = 11*x + 890. Let j = -76 - x. Let c = j + -49. Is c a composite number?
False
Let w(l) be the third derivative of l**5/30 + 3*l**4/8 + l**3/6 - l**2. Is w(-6) a prime number?
True
Let y(v) = 2*v**3 + v**2 - 4*v + 6. Let l be y(6). Let i = l - 289. Is i prime?
False
Suppose 4*x + x = -5. Is (-6 + x)*(-22 - 1) a composite number?
True
Is ((-662)/3)/(4/(-6)) a prime number?
True
Suppose -7*s + 1413 = -4*s. Is s prime?
False
Let c(z) = z**2 + z - 1. Let n be c(1). Let k be -3*1 + n + 149. Let m = -73 + k. Is m a prime number?
False
Is -17 + 15 + 1*635 a prime number?
False
Let t be 12/(-8)*712/(-3). Let s(n) = -3*n - 5. Let m be s(-4). Suppose m*d - t = 3*d. Is d a composite number?
False
Let x be 1017/2 + (-3)/6. Suppose 9*j = 5*j + x. Is j prime?
True
Suppose 4*z = 2*s - 116, -117 = -2*s + z + 2*z. Suppose -3*u + s = -567. Is u a prime number?
False
Let s be 6/15 - (-2)/(-5). Let j(y) = y**3 + 79. Is j(s) composite?
False
Suppose 0 = 4*k + w + 4*w - 7709, -4*k - 2*w = -7694. Is k a prime number?
False
Let i(k) = -10*k - 1. Suppose -2*y - 10 = -0*y. Is i(y) a composite number?
True
Let a = -8 - -8. Suppose -3*m = -a*m - 12. Is m a prime number?
False
Let f be ((-24)/(-15))/((-2)/10). Let b(w) = -w**2 - 21*w - 9. Is b(f) a composite number?
True
Suppose 12*d = 6*d + 1542. Is d prime?
True
Suppose -6*b = -5*b - 18. Let g(q) = -6*q + 6. Let n be g(-5). Suppose 0 = -4*t + 2*c + n, 0 = -2*t + c + c + b. Is t a composite number?
True
Let j be (-2)/8 - (-3)/(-4). Let s be (-10)/4*(-2)/j. Let i(m) = -m**2 - 7*m - 3. Is i(s) a composite number?
False
Suppose -2*h - 831 = -5*h. Suppose 2*u - h = -m, -3*m = -5*u + 173 + 514. Suppose -2*s + 5*s = u. Is s composite?
True
Is ((-43)/2)/(5/(-70)) prime?
False
Let c(w) = 5*w + 1. Let v be c(3). Let m = v + 7. Suppose -y + m = -14. Is y composite?
False
Suppose -2*y - 2 = 0, -3*y + 3 - 4 = j. Suppose 0*s - 5*v + 13 = j*s, -v = 4*s - 53. Is s a composite number?
True
Let c(k) = 153*k**2 - k - 1. Is c(-3) composite?
True
Let o(k) be the first derivative of 263*k**2/2 - k - 3. Is o(1) composite?
True
Let g(m) = 2*m**3 - 6*m**2 + m - 3. Let l be (-6)/(-21) + 26/7. Is g(l) prime?
False
Let i(f) = 6*f**2 + f + 3. Let w be i(7). Suppose -4*s + w = 3*r, s - 399 = -4*s + r. Is s composite?
False
Let l be (2 - 1)*(3 + -2). Let h(r) = 87*r - 2. Is h(l) composite?
True
Suppose w + 6 - 121 = 0. Suppose w + 81 = 4*f. Is f a prime number?
False
Suppose -205 = -3*a - 655. Let v = -76 - a. Let y = v + -37. Is y a composite number?
False
Let k(i) = -i**2 + 64. Suppose -3*n = -12, -5*r + 3*n - 8 = n. Let v be k(r). Let a = v - 43. Is a a composite number?
True
Let s = 7895 - 5586. Is s prime?
True
Let q be (1 + -5)/(-1) - 0. Suppose -q*j + 7 = -1. Is j/(-4) - 375/(-10) a composite number?
False
Let g be ((-9)/(-3) - 4) + 806. Let w = g + -474. Is w a composite number?
False
Is (-826)/(-21)*(-6)/(-4) prime?
True
Is (7 - 9)/((-6)/2811) prime?
True
Let x(a) = -36*a + 1. Let c(p) = 37*p. Let v(t) = 6*c(t) + 5*x(t). Is v(6) a prime number?
True
Is 7 - 3 - -3940 - 1 a composite number?
False
Suppose 2*p + 44 + 17 = 5*q, -3*p + 5*q = 89. Let j = p + 54. Is j prime?
False
Let q(i) be the second derivative of i**6/240 + 3*i**5/40 - i**4/12 + 2*i. Let r(t) be the third derivative of q(t). Is r(8) a composite number?
True
Let j(v) = v**2 + v + 561. Let q be j(0). Suppose -6*f + 3*f - 4*z = -q, -3*f = z - 552. Is f a prime number?
False
Let t(n) = -n - 13. Let i be t(-10). Let b = i + 6. Is b a prime number?
True
Let f(x) = -82*x - 20. Is f(-7) a prime number?
False
Let c = -31 + 82. Is c a composite number?
True
Let r = -36 - -79. Is r composite?
False
Suppose -5*n - 12 = -7*n. Suppose -n + 2 = -s. Suppose -4*f - 265 = -5*z, 0*f = s*z + 4*f - 176. Is z a prime number?
False
Suppose 2*b - 888 = -2*p, -b = 3*p - p - 887. Is p composite?
False
Let b(i) = -254*i + 39. Is b(-17) a composite number?
False
Let f(d) = 107*d - 9. Let z be f(-8). Let b = z + 1217. Suppose -2*v + 4*w + b = 2*v, 4*v - 3*w = 357. Is v composite?
True
Let b(u) = u**3 - 4*u**2 - 7*u + 6. Let o be b(5). Let f = o + 8. Suppose -i = f*i - 265. Is i a prime number?
True
Let z = 1 + 2. Suppose z*m = -0*m - 3. Is 78 + (2 + -3)/m a prime number?
True
Let u = 1174 + -57. Is u composite?
False
Let b(t) = -3 + 3*t**2 + t**3 - 4*t**2 + 2*t + 7*t**2. Let m be b(-4). Suppose 0*x - x = -m. Is x a composite number?
True
Suppose 3*w = 4*q - 3871, -3*q - 56 = 4*w - 2953. Is q prime?
True
Suppose -5*d + 7*s = 6*s - 3945, -2*d + 1578 = 4*s. Is d a prime number?
False
Let a = 161 + -42. Let g = a + -36. Is g prime?
True
Let d = 10 - 6. Suppose 6*p + 12 = p - d*h, -4*h - 12 = -2*p. Suppose -2*o + p*o = -28. Is o a prime number?
False
Suppose -12*c + 17*c = 0. Suppose -2*a - a + 327 = c. Is a composite?
False
Let y = 108 - 29. Is y a composite number?
False
Suppose 0 = -8*w + 3904 + 9192. Is w a prime number?
True
Let i(k) be the first derivative of k**7/420 - k**6/120 + k**5/30 - k**4/6 + 2*k**3/3 + 2. Let w(v) be the third derivative of i(v). Is w(3) a prime number?
False
Let a be (0 + 1)*(-6)/(-2). Let h(z) = -2*z + 4. Let p be h(4). Let o = a - p. Is o prime?
True
Let f(l) = -75*l**2 - 3*l. Let d be f(-2). Let m = d + 192. Let k = m + 215. Is k composite?
False
Suppose -6*w + 11894 - 4340 = 0. Is w a prime number?
True
Let w(m) = -5*m + 1319. Is w(0) composite?
False
Let g(o) = -o**3 - 8*o - 2. Let r(w) = -w**2 - w. Let h(z) = g(z) - 6*r(z). Is h(4) prime?
False
Is (-3022 + 0)*2/(-4) composite?
False
Let k(v) = 54*v + 1. Is k(3) composite?
False
Suppose 0 = -2*s + 3*s - 2. Suppose -3*w - 3 = -5*o, s - 6 = 2*o + 4*w. Suppose 0 = 4*r - 3*n - 135, o = r - 4*n - 18 - 19. Is r a prime number?
False
Let a = 407 - 240. Is a prime?
True
Let p be 16/(-40) - (-1744)/10. Let g = 329 - p. Is g a composite number?
True
Suppose 0 = 2*s + 31 + 13. Is ((-6)/4)/(3/s) a prime number?
True
Is (6 - -776)/(2*(1 - 0)) prime?
False
Let c(w) = -w**3 + 55. Suppose 12 = -2*x - 4*v, -9 = -2*x + v + 2*v. Is c(x) a prime number?
False
Let h(x) = -x**3 - 2*x**2 + x - 2. Let d be h(-2). Let w(i) = -17*i - 1. Is w(d) composite?
False
Suppose 0 = 3*f - 6*f. Suppose 0 = b - f*b + 4*p - 493, -3*p = -4*b + 2048. Is b composite?
False
Let j(x) = 4 + 0*x**2 + 6*x**2 - 2 + 2*x - 5 + x**3. Suppose -4*h = -5*h - 4. Is j(h) a composite number?
True
Suppose -4*a + 31 = -1317. Is a composite?
False
Suppose -48*l - 868 = -52*l. Is l prime?
False
Let p(u) = -7*u**3 + 15*u**2 + 25*u + 3. Let y(f) = 4*f**3 - 8*f**2 - 13*f - 2. Let n(r) = -3*p(r) - 5*y(r). Is n(8) composite?
False
Is -1 + -2 + -1 + (-1386)/(-3) prime?
False
Suppose 4*t = 3*l - 6, -3*t = -5*l + 3 + 18. Suppose 0 = -3*n + l*n - 273. Is n composite?
True
Let x(o) = 91*o - 8. Let l(p) = 272*p - 23. Let q(u) = -6*l(u) + 17*x(u). Is q(-3) a composite number?
False
Suppose 0 = -3*u - 0*t + t + 32, -3*t = u - 4. Suppose 5*v - u = -5*g, -4*v = 5*g - 0*g - 12. Is -7*((-1)/(-1) + v) composite?
False
Suppose 0 = o + 2*o - 1044. Let t = o - 29. Is t composite?
True
Is -1382*((-6)/12 - 0) a composite number?
False
Let k be (2 + -2)/(3/(-1)). Suppose k = 2*w - w - 79. Is w a composite number?
False
Let t(y) = -16*y - 19. Let c = -29 + 21. Is t(c) a composite number?
False
Is (-3)/(-2)*-2 + 137 a prime number?
False
Suppose 0 = 6*f - 10*f + 2008. Suppose f = 6*l - 4*l. Is l prime?
True
Let j be (-10)/3*(5 - 2). Let p = j - -15. Suppose 0*c - 131 = -4*c + q, 5*c + p*q - 170 = 0. Is c prime?
False
Is 4/14 - 677/(-7) a prime number?
True
Suppose -3400 - 505 = -5*d. Is d a composite number?
True
Let l(b) = 1. Let f(i) = i + 5. Let y(d) = 2*f(d) - 9*l(d). Let w(c) = c**3 + 8*c**2 + c + 9. Let q be w(-8). Is y(q) prime?
True
Let k be (-1472)/15 - 16/(-120). Let o = k + 292. Is o a composite number?
True
Suppose -2*v - 318 = -7636. Is v prime?
True
Let v be 1*(-1 - -5 - 3). Suppose -v + 40 = 3*p. Is p a prime number?
True
Let r be (-10)/(-6) - (-6)/18. Suppose -r*t + t = -9. Is t a prime number?
False
Let c = -5 - -19. Is (-88)/(-1) - (c + -12) composite?
True
Let b(i) be the third derivative of i**5/30 + 5*i